 divided by 69?
61
Calculate the remainder when 3012 is divided by 23.
22
Calculate the remainder when 154 is divided by 56.
42
Calculate the remainder when 8358 is divided by 76.
74
What is the remainder when 305 is divided by 22?
19
Calculate the remainder when 1638 is divided by 327.
3
What is the remainder when 139 is divided by 46?
1
Calculate the remainder when 1048 is divided by 50.
48
Calculate the remainder when 1825 is divided by 29.
27
What is the remainder when 839 is divided by 798?
41
Calculate the remainder when 25 is divided by 9.
7
What is the remainder when 114 is divided by 68?
46
What is the remainder when 5224 is divided by 55?
54
Calculate the remainder when 5774 is divided by 27.
23
Calculate the remainder when 805 is divided by 196.
21
Calculate the remainder when 522 is divided by 9.
0
What is the remainder when 493 is divided by 26?
25
Calculate the remainder when 96 is divided by 3.
0
What is the remainder when 265 is divided by 10?
5
Calculate the remainder when 146 is divided by 34.
10
What is the remainder when 1271 is divided by 26?
23
Calculate the remainder when 680 is divided by 170.
0
Calculate the remainder when 1869 is divided by 619.
12
Calculate the remainder when 272 is divided by 73.
53
What is the remainder when 1170 is divided by 271?
86
Calculate the remainder when 16 is divided by 1.
0
Calculate the remainder when 662 is divided by 238.
186
What is the remainder when 132 is divided by 23?
17
What is the remainder when 278 is divided by 89?
11
Calculate the remainder when 51 is divided by 49.
2
Calculate the remainder when 176 is divided by 30.
26
Calculate the remainder when 145 is divided by 34.
9
What is the remainder when 4700 is divided by 783?
2
Calculate the remainder when 6309 is divided by 41.
36
Calculate the remainder when 3609 is divided by 157.
155
Calculate the remainder when 862 is divided by 144.
142
What is the remainder when 751 is divided by 29?
26
What is the remainder when 36 is divided by 4?
0
What is the remainder when 7895 is divided by 53?
51
What is the remainder when 60 is divided by 9?
6
Calculate the remainder when 239 is divided by 27.
23
What is the remainder when 212 is divided by 29?
9
What is the remainder when 137 is divided by 4?
1
Calculate the remainder when 57 is divided by 29.
28
What is the remainder when 251 is divided by 51?
47
Calculate the remainder when 325 is divided by 75.
25
Calculate the remainder when 314 is divided by 106.
102
What is the remainder when 161 is divided by 35?
21
Calculate the remainder when 402 is divided by 75.
27
What is the remainder when 1918 is divided by 80?
78
What is the remainder when 31 is divided by 20?
11
Calculate the remainder when 35 is divided by 7.
0
Calculate the remainder when 1157 is divided by 77.
2
Calculate the remainder when 1121 is divided by 51.
50
Calculate the remainder when 41734 is divided by 148.
146
Calculate the remainder when 148 is divided by 11.
5
What is the remainder when 278 is divided by 11?
3
Calculate the remainder when 454 is divided by 26.
12
What is the remainder when 183 is divided by 54?
21
Calculate the remainder when 803 is divided by 35.
33
What is the remainder when 135 is divided by 16?
7
What is the remainder when 98 is divided by 32?
2
Calculate the remainder when 453 is divided by 20.
13
What is the remainder when 153 is divided by 9?
0
Calculate the remainder when 38095 is divided by 43.
40
Calculate the remainder when 582 is divided by 15.
12
Calculate the remainder when 132 is divided by 8.
4
What is the remainder when 166 is divided by 35?
26
What is the remainder when 158 is divided by 52?
2
Calculate the remainder when 568 is divided by 142.
0
Calculate the remainder when 7370 is divided by 194.
192
Calculate the remainder when 7 is divided by 6.
1
Calculate the remainder when 349 is divided by 28.
13
Calculate the remainder when 315 is divided by 3.
0
Calculate the remainder when 1280 is divided by 43.
33
Calculate the remainder when 669 is divided by 343.
326
Calculate the remainder when 427 is divided by 95.
47
What is the remainder when 275 is divided by 140?
135
What is the remainder when 7066 is divided by 31?
29
What is the remainder when 355 is divided by 90?
85
What is the remainder when 306 is divided by 29?
16
Calculate the remainder when 1948 is divided by 26.
24
What is the remainder when 47228 is divided by 91?
90
What is the remainder when 44 is divided by 31?
13
What is the remainder when 13 is divided by 4?
1
Calculate the remainder when 1358 is divided by 673.
12
Calculate the remainder when 1178 is divided by 55.
23
What is the remainder when 243 is divided by 49?
47
Calculate the remainder when 529 is divided by 67.
60
Calculate the remainder when 2850 is divided by 17.
11
Calculate the remainder when 274 is divided by 113.
48
What is the remainder when 211 is divided by 74?
63
What is the remainder when 941 is divided by 118?
115
Calculate the remainder when 115 is divided by 105.
10
Calculate the remainder when 15745 is divided by 181.
179
What is the remainder when 18610 is divided by 37?
36
Calculate the remainder when 128 is divided by 11.
7
What is the remainder when 1520 is divided by 14?
8
What is the remainder when 209 is divided by 208?
1
What is the remainder when 403 is divided by 43?
16
What is the remainder when 85 is divided by 11?
8
What is the remainder when 235 is divided by 16?
11
Calculate the remainder when 157 is divided by 89.
68
What is the remainder when 563 is divided by 21?
17
Calculate the remainder when 1383 is divided by 18.
15
What is the remainder when 28418 is divided by 10?
8
Calculate the remainder when 1035 is divided by 37.
36
Calculate the remainder when 93 is divided by 16.
13
What is the remainder when 39 is divided by 13?
0
Calculate the remainder when 62 is divided by 31.
0
Calculate the remainder when 89 is divided by 18.
17
Calculate the remainder when 181 is divided by 7.
6
What is the remainder when 1444 is divided by 43?
25
Calculate the remainder when 174 is divided by 35.
34
Calculate the remainder when 47 is divided by 17.
13
What is the remainder when 151 is divided by 39?
34
What is the remainder when 185 is divided by 27?
23
What is the remainder when 429 is divided by 151?
127
Calculate the remainder when 95 is divided by 17.
10
Calculate the remainder when 191 is divided by 52.
35
What is the remainder when 574 is divided by 216?
142
What is the remainder when 3166 is divided by 72?
70
What is the remainder when 435 is divided by 39?
6
What is the remainder when 1689 is divided by 13?
12
What is the remainder when 96 is divided by 57?
39
What is the remainder when 4380 is divided by 13?
12
Calculate the remainder when 75 is divided by 64.
11
Calculate the remainder when 608 is divided by 47.
44
Calculate the remainder when 6182 is divided by 19.
7
Calculate the remainder when 613 is divided by 56.
53
What is the remainder when 281 is divided by 8?
1
Calculate the remainder when 291 is divided by 160.
131
Calculate the remainder when 5307 is divided by 18.
15
What is the remainder when 3525 is divided by 28?
25
Calculate the remainder when 15750 is divided by 202.
196
Calculate the remainder when 115 is divided by 42.
31
Calculate the remainder when 2033 is divided by 8.
1
Calculate the remainder when 91 is divided by 10.
1
Calculate the remainder when 21 is divided by 7.
0
What is the remainder when 255 is divided by 135?
120
Calculate the remainder when 153 is divided by 15.
3
What is the remainder when 183 is divided by 161?
22
What is the remainder when 423 is divided by 133?
24
Calculate the remainder when 467 is divided by 51.
8
What is the remainder when 483 is divided by 18?
15
What is the remainder when 762 is divided by 45?
42
What is the remainder when 1006 is divided by 350?
306
What is the remainder when 264 is divided by 54?
48
Calculate the remainder when 1553 is divided by 427.
272
Calculate the remainder when 264 is divided by 68.
60
What is the remainder when 40 is divided by 14?
12
What is the remainder when 564 is divided by 171?
51
Calculate the remainder when 450 is divided by 114.
108
What is the remainder when 550 is divided by 46?
44
Calculate the remainder when 1359 is d